-12 + 42 + -13)?
-7
0 + 2 + 0 - 5 - -6
3
Evaluate 3 - (8 - 9) - 7 - 4.
-7
-8 - (7 - 7) - -11
3
Calculate 0 + (1 - 2) + -3 + 4.
0
Evaluate -7 + (0 - (-7 + 1)).
-1
What is (10 - 9) + -4 - (-2 + -1)?
0
What is (3 + 2 - (6 - 5)) + -7?
-3
What is the value of -4 + 6 + 3 + 0?
5
(0 + -5 - -4) + 4
3
What is the value of (-4 - -22) + -5 - 9?
4
What is 2 + 1 + 9 + (-16 - -4)?
0
Calculate (-7 - 0) + (-3 - (9 + -14)).
-5
9 - 11 - ((-1 - -3) + 1)
-5
What is 4 + 0 + 0 + -6?
-2
Evaluate 2 - (-8 - -8 - (2 + 0)).
4
Calculate 6 + 3 + -5 + 3 + -4.
3
What is -14 - ((3 - 4) + 0 + -5)?
-8
What is (-3 - -32) + -12 - 12?
5
What is 4 + -8 - (-8 + 0)?
4
Calculate 1 + 4 - (23 + -21).
3
What is the value of 8 + (-9 - (14 - 19))?
4
What is the value of -6 - (2 + 0 - 4)?
-4
What is -1 + (1 - 3) - -7?
4
Calculate 5 + (5 - 10) + (-1 - -1).
0
What is -8 + (8 - 11) + 13?
2
Calculate (-2 - -16) + 6 + -17.
3
What is 3 + (6 - 3 - 1)?
5
6 - -1 - (0 - (-1 - 0))
6
Evaluate -2 - ((-3 - -5 - 4) + -2).
2
5 - 2 - (-2 - -4)
1
Evaluate 1 - (-6 + 8) - 4.
-5
Calculate (1 + 1 - 9) + 10.
3
Evaluate -13 + 2 - (0 - (1 + 4)).
-6
-5 - (4 + 2 + -14) - -4
7
-3 + 5 + 2 + 9 + -8
5
(-10 - 2) + 4 - -8
0
What is the value of (-13 - -9) + (3 - 2)?
-3
What is (1 - 10) + 22 + -13?
0
What is (-8 - 1) + (26 - 19)?
-2
What is -3 + (2 - 1) + -4?
-6
Evaluate -2 + 7 + (-13 - 1) + 11.
2
What is 8 - ((-6 - -6) + -1)?
9
What is the value of -4 + 0 + 2 - 3?
-5
What is (2 - (7 - 2)) + 3 - 3?
-3
Evaluate 1 + (5 - 8) + 1 - 2.
-3
Evaluate -2 + -2 + -2 + 1 + 0.
-5
Calculate -8 + 2 + (9 - (2 - -4)).
-3
1 + 0 + -9 + (21 - 18)
-5
-4 - (-10 + (10 + -2 - 5))
3
Evaluate 0 - -3 - (3 - -2) - 4.
-6
What is (1 - (-2 - -2)) + -37 + 37?
1
What is the value of -2 - ((0 - 1) + 4 + -7)?
2
5 - (1 - (0 - -1))
5
What is the value of -1 - 2 - (-4 + -2 + 5)?
-2
Evaluate -8 - (3 + -2 + -4).
-5
Evaluate -3 + 7 + -3 + 1 + 1.
3
What is the value of 3 - (6 + 2 - (6 - 3))?
-2
(5 + -2 - -1) + 1
5
-11 - (-7 - -1 - -3)
-8
What is the value of 2 + -4 - (5 + 3 + -3)?
-7
What is 3 - ((-2 - -3) + 2) - 4?
-4
What is 12 + -12 + 0 + (-3 - 1)?
-4
What is (9 - (2 + 7 + -7)) + 0?
7
What is the value of 2 - (-1 + 2 - 4)?
5
Calculate (7 - 9) + 0 + -5 - 0.
-7
-2 + 1 + 3 + -1
1
What is the value of -4 - ((0 - -2) + -3)?
-3
-14 - -9 - (1 + -2)
-4
-2 - (-10 - (-1 - 2))
5
Calculate -5 - -2 - (-5 - (3 + -2)).
3
Evaluate -7 - (-6 + 5) - (-2 + 0).
-4
What is (-5 - -2 - -2) + 55 + -61?
-7
What is -6 + -4 + 1 - -4?
-5
What is the value of -11 - -1 - -6 - -2?
-2
Evaluate 0 + 0 + (1 - (-4 + 1)).
4
Calculate 1 - 4 - (5 - 4 - 2).
-2
What is 6 + 9 + (9 - 5 - 12)?
7
Calculate -1 + (-2 - (-1 + -2)) + 1.
1
Evaluate -3 - (1 + -2 - -5 - 2).
-5
What is the value of (3 - 0 - 0) + -8?
-5
4 + (-1 - 6) + 14 + -3
8
Evaluate (2 - 6) + -20 + 26.
2
((-2 - -3) + 0 - 4) + 6
3
(-2 - 0) + (1 - 1)
-2
Evaluate 3 - 0 - (-11 - -16).
-2
Calculate -6 - (10 - (13 + -6) - 4).
-5
What is the value of -1 + -4 + (1 - -4)?
0
Calculate (-9 + 4 - -7 - 1) + 5.
6
What is the value of 8 - (3 - (-11 - -3))?
-3
What is the value of 3 + -4 + (0 - -5) + -3?
1
-10 - (1 - 3 - 2) - -2
-4
Calculate 1 - (15 + -7 + 2 + -4).
-5
-5 + 2 + 4 + 4 + -6
-1
What is the value of -3 + 10 + -1 + -2 + 1?
5
(1 - 5) + (8 + 7 - 11)
0
What is the value of -1 + 5 + 0 + (-2 - 1)?
1
Evaluate (-4 - (1 - 3)) + -3.
-5
Calculate 9 + -15 + 2 - -4.
0
What is (-5 - (8 - 8)) + 3?
-2
What is the value of 2 + (-1 - (2 + -6))?
5
What is the value of 4 - 1 - (7 - (2 + -1))?
-3
0 + -2 - (-13 + 14)
-3
Evaluate 1 + -5 + 2 + 0 + -3.
-5
Evaluate (-27 - -24) + -1 + 1 + -6.
-9
What is the value of -5 + 4 - (-3 + 5)?
-3
What is the value of 57 + -50 - (-2 - -9)?
0
What is 3 - (1 + 4 + -4)?
2
Calculate 3 + 1 + (-24 - -17).
-3
What is the value of 3 + 4 + -4 - 4 - -5?
4
Calculate -1 - (1 - 3 - (-4 - -1)).
-2
Evaluate 0 + (5 - 9) + 5 - 5.
-4
Evaluate (20 - (6 + 2)) + -7.
5
What is -8 + 6 + -1 + 3 + -2?
-2
What is -1 - (3 + (10 - 9))?
-5
What is the value of 1 - (-2 - -12 - 6 - 1)?
-2
Evaluate 1 + (-3 + 2 + 4 - 7).
-3
What is 10 - (8 - (6 - 10))?
-2
(-5 + 6 - 4) + -12 + 22
7
Evaluate 7 + (0 - (-9 - -6) - 2).
8
What is the value of (2 - 2) + -13 + 8?
-5
What is (-4 + 16 - 6) + (-2 - 7)?
-3
What is the value of -1 - (-4 + 3) - -4?
4
What is 2 + -7 + 4 + (-2 - -2)?
-1
0 + 0 + (6 - 0) + -4
2
(-1 - -3 - -3) + (5 - 9)
1
Evaluate 4 + -3 + 3 + -4 + 0.
0
What is -1 + -1 + -1 + 29 + -33?
-7
What is the value of -1 - (-27 - -25 - (-6 - -1))?
-4
What is (1 - 2) + 1 + 5 + -7?
-2
What is (-4 - 0) + 0 + -2 + 13?
7
What is (2 - (-3 + 0)) + 10 + -13?
2
What is the value of 7 - (13 + 0) - (1 - 9)?
2
What is the value of -8 + 4 + -1 + 5 + -4?
-4
What is 2 + (-5 - 5) + 5 - 3?
-6
(2 - -4) + (-2 - (-1 + 2))
3
Calculate (-12 - -7) + (7 - (3 - 0)).
-1
What is the value of -9 - (8 + -11 - 1)?
-5
What is 5 + -6 + 4 + 0 + -2?
1
What is (-8 - 3) + (-1 - (0 + -7))?
-5
Evaluate (3 + -9 - -3) + -2 + 1.
-4
What is the value of (3 + -8 - -3) + 2?
0
-7 + (-2 - 0) + 4 + 3
-2
What is 17 - 15 - (1 + 12)?
-11
Evaluate (9 + 0 - (37 - 32)) + 0.
4
Evaluate -6 - -3 - (0 + -2 + 2).
-3
What is 6 + (2 - (-6 - -6)) - 0?
8
What is the value of (-1 - -7 - 9) + 0?
-3
What is the value of 3 - (-10 + 6) - 2 - 7?
-2
Evaluate -4 + 2 + (0 - -2 - -1).
1
What is the value of -5 + (12 - 7) + (3 - 6)?
-3
Evaluate 4 - ((-2 - -3) + -1) - 2.
2
Evaluate -5 + 0 + 16 + -9.
2
What is the value of -2 + 8 - (18 + -11)?
-1
Evaluate -7 - -4 - (2 - 7) - 3.
-1
0 + -3 + -1 - -5
1
Evaluate -23 + 11 + 17 - 10.
-5
What is 3 - (-2 + (9 - (2 - 1)))?
-3
-7 - (-2 - -6 - 14)
3
What is (-1 - 4) + (16 - 13)?
-2
Evaluate (8 - (25 + -14)) + -4 + 0.
-7
Evaluate 1 - (-1 + 0 + -3) - 1.
4
What is the value of (-1 - 1) + (0 - 2 - -3)?
-1
(-8 - (-13 - -5)) + 9
9
3 - (15 - ((9 - -4) + -7))
-6
Calculate (-17 - -6) + -4 + 2 + 8.
-5
What is -1 - (-6 + 12 + -4)?
-3
Evaluate 5 - -1 - (3 + -6 + 6).
3
What is the value of -11 + (15 - 0) - (-1 - -6)?
-1
-7 + 3 + 4 - (1 - 3)
2
What is the value of -1 + (-3 + 0 - -4)?
0
Evaluate (3 - (0 - -7)) + 4.
0
What is the value of 5 + -4 + 2 - 6?
-3
Calculate 2 + -2 + (7 - 13) - -12.
6
Calculate -2 + 2 + 3 + -2 + -7.
-6
9 + -1 - ((-2 - -12) + 1)
-3
What is 4 + (-14 - -7) - (-2 + -4)?
3
What is 1 + (-2 - -4 - 3)?
0
4 + (-1 - -1 - (0 + -1))
5
What is the value of -1 + 7 + -3 + 0 + -7?
-4
What is the value of (-5 - -1 - 1) + (13 - 13)?
-5
Evaluate (4 + -7 - 4) + 18 + -5.
6
What is the value of (-37 - -41 - (1 + 6)) + 2?
-1
Evaluate 1 - -5 - (15 + -2).
-7
What is the value of 5 - (10 + (-2 - (0 + 0)))?
-3
What is the value of 5 - -13 - (17 - 7)?
8
What is the value of 5 - (-1 - 2 - (53 + -50))?
11
Calculate -5 + (-1 - -2) + 29 + -20.
5
What is 4 + (-8 + 9 - (-4 - -1))?
8
What is -9 + (18 - -1) + 0 + -2?
8
What is -3 + -4 + 6 - -2 - 8?
-7
Calculate 8 - (1 - -1) - 10.
-4
-25 - -37 - (5 - 0)
7
Evaluate (0 - ((3 - 8) + 5)) + -7.
-7
What is -4 + -3 + (7 - 1)?
-1
Evaluate (3 - -4) + -5 - (6 + -2).
-2
Evaluate -7 + 0 - (-3 + 1).
-5
3 - ((0 - -1) + 0 + 2)
0
Evaluate (0 - -2 - -1) + 1 + -9.
-5
What is the value of (1 - (5 + -10 + -2)) + 0?
8
Calculate 0 + 0 + -4 + 9 + 0.
5
Calculate 10 + -9 + (-1 - -2).
2
4 + (4 - 6) + -2 + 0
0
(27 - 31) + (5 - 1)
0
Calculate 4 - (2 + -1 + -1).
4
0 + 4 + -7 - 3
-6
(-2 - (-2 - 2 - 4)) + -6
0
What is (12 - 22) + 17 + -1?
6
(-9 + 5 - 2) + 6
0
What is (-4 - 1) + 30 + -31?
-6
-8 + (7 - 3 - -6)
2
What is 2 - (4 + -4 + 0)?
2
What is (0 - 4) + 7 - 3?
0
Calculate -5 + 7 + -11 + 4.
-5
Evaluate 5 - ((0 - 2) + (7 - 4)).
4
Calculate 2 - ((0 - -5) + 0 - 1).
-2
What is -15 - (12 - (-7 + 29))?
-5
Calculate 7 + -2 + -15 + 9.
-1
Calculate (26 - 34) + 13 + 4.
9
Calculate -2 - -1 - (-26 + 27).
-2
What is (-1 - 4) + (195 - 193)?
-3
What is the value of (9 + 0 - 7) + (-4 - -1)?
-1
0 + 3 + -9 + (7 - 7)
-6
What is -2 + 0 + (-6 - -3) + 3?
-2
Evaluate 0 + 1 + 2 + -2 - 1.
0
What is the value of -7 + -1 + 10 + (3 - 2)?
3
4 - ((-5 + 4 - -5) + -1)
1
Calculate -13 - ((-10 - -6) + -2) - 0.
-7
What is (-6 - -3) + 3 + 15 + -10?
5
Evaluate 2 + (-11 - (-1 + -3)).
-5
Evaluate 6 + (-13 - (-6 + -1)).
0
Calculate -25 + 18 + 0 + (4 - -2).
-1
What is the value of 1 + (-7 - (-6 - -2) - 0)?
-2
(1 - -4) + (-6 - (2 + 0))
-3
What is the value of (7 - 5) + (-11 - -5) - 1?
-5
What is (-4 - -3 - -2) + 3?
4
Calculate -1 - (0 - -4 - 4) - -3.
2
Wh